site?
True
Is 10866743 a composite number?
False
Is 1106741 composite?
False
Is 34941847 a composite number?
False
Is 7633189 prime?
False
Is 33951479 composite?
True
Is 7109513 a composite number?
True
Is 69434263 prime?
False
Is 145677647 prime?
True
Is 7136687 prime?
False
Is 395309491 composite?
False
Is 401507 a prime number?
True
Is 615953933 prime?
False
Is 10878503 prime?
True
Is 120447167 prime?
False
Is 286799 a composite number?
True
Is 13795982 prime?
False
Is 3513863 a prime number?
False
Is 6192829 a prime number?
False
Is 1076209 a prime number?
False
Is 49302167 a prime number?
False
Is 4505437 prime?
True
Is 4523119 composite?
True
Is 22936789 prime?
False
Is 2840609 prime?
False
Is 10561013 a prime number?
True
Is 235026541 a prime number?
True
Is 101261 prime?
False
Is 70243469 a prime number?
False
Is 12728531 composite?
True
Is 24156653 a composite number?
False
Is 1795511 a composite number?
False
Is 112862611 composite?
False
Is 15692605 composite?
True
Is 23334335 prime?
False
Is 23444971 composite?
True
Is 18862171 a composite number?
True
Is 8720723 a composite number?
True
Is 125401711 composite?
False
Is 8853079 a composite number?
False
Is 95799757 composite?
False
Is 6493199 a prime number?
False
Is 3237569 a prime number?
False
Is 4236185 a composite number?
True
Is 10541971 a composite number?
True
Is 4579529 a composite number?
False
Is 34583707 a composite number?
False
Is 304937 composite?
False
Is 16549543 composite?
False
Is 9089987 a prime number?
False
Is 142832435 a prime number?
False
Is 1868389 a prime number?
False
Is 87263 composite?
True
Is 574886231 a composite number?
False
Is 5874587 prime?
False
Is 22548433 a prime number?
False
Is 2722751 composite?
False
Is 26661079 composite?
True
Is 333173 a composite number?
True
Is 2411201 a composite number?
True
Is 30720463 a composite number?
True
Is 299053 a prime number?
True
Is 25128101 prime?
True
Is 727423 a composite number?
True
Is 985367 a prime number?
False
Is 50200201 composite?
True
Is 220079 prime?
False
Is 98845967 composite?
True
Is 5593171 a composite number?
False
Is 11001517 composite?
False
Is 625809767 a prime number?
False
Is 47381 a prime number?
True
Is 250731083 prime?
True
Is 400899007 composite?
False
Is 4991671 prime?
True
Is 543888403 prime?
True
Is 4850947 composite?
True
Is 5749091 a prime number?
True
Is 3679967 prime?
True
Is 26904857 prime?
False
Is 363594889 a prime number?
False
Is 297500857 composite?
False
Is 7881931 prime?
False
Is 2927219 a composite number?
False
Is 752019 a composite number?
True
Is 877463 prime?
True
Is 139690619 composite?
True
Is 40234043 prime?
False
Is 68565639 prime?
False
Is 422400815 prime?
False
Is 436997 prime?
False
Is 12083051 a composite number?
False
Is 268674533 prime?
True
Is 743579 a prime number?
True
Is 1803227 a prime number?
True
Is 1554347 a composite number?
False
Is 7663 composite?
True
Is 128921363 a composite number?
False
Is 26285671 prime?
True
Is 20478463 composite?
False
Is 2156047 composite?
True
Is 6139579 a composite number?
False
Is 125988067 a composite number?
False
Is 4294463 a composite number?
True
Is 2087377 a composite number?
False
Is 75187711 prime?
True
Is 14332481 a composite number?
False
Is 70130267 prime?
True
Is 1246471769 a prime number?
True
Is 11493487 a prime number?
True
Is 8349518 a prime number?
False
Is 6471541 composite?
False
Is 63765599 a prime number?
True
Is 1695059 a composite number?
True
Is 3754277 a prime number?
True
Is 1132193 a prime number?
False
Is 658751 a prime number?
True
Is 6021863 a prime number?
True
Is 100993 a prime number?
False
Is 37055219 composite?
False
Is 2725843 a prime number?
False
Is 236287 a prime number?
True
Is 778973 prime?
False
Is 3032101 prime?
False
Is 1904327 composite?
True
Is 7888795 a composite number?
True
Is 4398623 composite?
False
Is 9247367 prime?
False
Is 308891 prime?
False
Is 172081579 a prime number?
True
Is 425287495 a prime number?
False
Is 23056169 a composite number?
False
Is 18851467 a composite number?
True
Is 4722085 prime?
False
Is 130319303 a prime number?
False
Is 194599813 a prime number?
True
Is 46556717 a composite number?
False
Is 89462221 prime?
False
Is 650995 composite?
True
Is 18391 prime?
False
Is 14874647 a composite number?
False
Is 1379881027 composite?
True
Is 26386639 composite?
False
Is 7882579 a composite number?
True
Is 331077 prime?
False
Is 13373029 a prime number?
False
Is 1017761482 a composite number?
True
Is 330178 composite?
True
Is 16793279 a prime number?
False
Is 43880143 a composite number?
False
Is 12386177 a prime number?
False
Is 32449489 a prime number?
False
Is 60427777 a composite number?
False
Is 14031773 a composite number?
True
Is 461437 prime?
True
Is 1327481 composite?
False
Is 5270507 a composite number?
True
Is 61030787 prime?
True
Is 107122277 composite?
False
Is 59798359 composite?
False
Is 12425663 a composite number?
False
Is 5288099 prime?
False
Is 5386859 composite?
False
Is 46654109 a prime number?
True
Is 1223389 a composite number?
True
Is 25443089 prime?
False
Is 32569469 prime?
True
Is 21793339 a prime number?
False
Is 8958073 composite?
False
Is 84871039 composite?
True
Is 4075787 a prime number?
False
Is 984401 a prime number?
False
Is 5741653 composite?
True
Is 91521137 a composite number?
False
Is 478697 a prime number?
True
Is 1827071 composite?
False
Is 39390277 a prime number?
False
Is 112367401 composite?
True
Is 3419569 composite?
False
Is 287976419 a composite number?
False
Is 41578519 a composite number?
False
Is 26237 prime?
True
Is 20083919 prime?
False
Is 203585839 composite?
True
Is 244653473 a composite number?
True
Is 7674451 a composite number?
False
Is 1419984383 a composite number?
False
Is 86488847 composite?
False
Is 3179063 composite?
False
Is 74586451 prime?
True
Is 3182623 prime?
True
Is 36466733 composite?
False
Is 123667759 a composite number?
True
Is 209744993 a composite number?
True
Is 7200409 composite?
False
Is 17972429 prime?
True
Is 24020459 prime?
False
Is 6597583 a prime number?
True
Is 97091 prime?
False
Is 27912887 prime?
False
Is 653971 a composite number?
True
Is 32085847 composite?
False
Is 469046905 a prime number?
False
Is 13436089 a composite number?
False
Is 448351 composite?
False
Is 9625643 prime?
True
Is 3154603 prime?
False
Is 6009266 composite?
True
Is 47569519 a composite number?
True
Is 280837 prime?
True
Is 6654737 prime?
True
Is 18723487 composite?
False
Is 73356917 a prime number?
True
Is 32363 composite?
False
Is 177440117 prime?
False
Is 20862503 prime?
True
Is 687803 a composite number?
True
Is 9791 composite?
False
Is 15451489 composite?
False
Is 8514397 a composite number?
True
Is 181249963 a prime number?
False
Is 738805163 a composite number?
False
Is 14703431 a prime number?
False
Is 48542749 a prime number?
True
Is 16924855 a composite number?
True
Is 31750423 composite?
False
Is 22871063 prime?
True
Is 138618817 prime?
True
Is 505091 composite?
False
Is 111433 prime?
False
Is 9523537 prime?
False
Is 1342967 a composite number?
True
Is 243151123 composite?
False
Is 3901613 prime?
False
Is 13510589 a prime number?
True
Is 35423533 composite?
True
Is 79733413 prime?
False
Is 79904717 prime?
False
Is 20044027 a prime number?
True
Is 837923 a prime number?
True
Is 13668881 composite?
False
Is 943165 a composite number?
True
Is 328589 a prime number?
True
Is 105527053 a composite number?
True
Is 16055321 a composite number?
False
Is 20658599 prime?
False
Is 6235069 a prime number?
True
Is 47173957 prime?
True
Is 5291441 prime?
True
Is 714523157 composite?
True
Is 220590277 a composite number?
False
Is 1274035459 a prime number?
True
Is 23029471 a composite number?
False
Is 14782211 a prime number?
True
Is 3894371 composite?
True
Is 340558739 prime?
False
Is 6771161 composite?
False
Is 18453101 prime?
True
Is 12268511 a prime number?
False
Is 4438501 a prime number?
True
Is 25346155 a composite number?
True
Is 39166859 prime?
True
Is 949376107 prime?
True
Is 182418919 composite?
False
Is 1321789 prime?
False
Is 382423 composite?
True
Is 129284293 prime?
False
Is 23789923 a composite number?
False
Is 1573207 a composite number?
False
Is 154358873 prime?
False
Is 726